 = 11 - 3. Let r be ((-300)/(-70))/((-2)/(-14)). Suppose 3*j = 4*k - r, -l = -k + 2*j - j. List the prime factors of k.
2, 3
Suppose -2*g + 88 = 2*g. List the prime factors of g.
2, 11
Suppose n = 2*o - 7*o - 8, 2*n - 14 = 5*o. What are the prime factors of 7/14*n*34?
2, 17
Suppose 18*y + 600 = 22*y. What are the prime factors of y?
2, 3, 5
Suppose -3*h = 2*h - 15. Suppose -h*b = -7*b + 44. List the prime factors of b.
11
Let t(l) = l**3 - 3*l**2 + 3*l - 2. Let q be t(2). Suppose q = -m - 3 + 18. List the prime factors of m.
3, 5
Let t be ((-1)/3)/(2/(-42)). Let q(u) = -u**3 + 8*u + 3 + 0 - 1 + 6*u**2. List the prime factors of q(t).
3
Let z = 0 - 2. List the prime factors of (4/6)/(z/(-9)).
3
Let v(c) be the first derivative of -c**4/2 - c**3 + 2*c + 1. Suppose 20 = -4*x + 3*r, 0 = 5*x + 4*r - 1 - 5. List the prime factors of v(x).
2, 3
Let y = -87 + 131. Suppose -f = 3*f - y. What are the prime factors of f?
11
Let s = 1 - 0. Let b be 6*1 + -2 - s. Suppose -b*y + 34 = 4. List the prime factors of y.
2, 5
Suppose 157 = -22*l + 23*l. What are the prime factors of l?
157
What are the prime factors of 4/(-4) - -2 - -189?
2, 5, 19
Let q be (1 - -1)*1/(-2). Suppose 1 + 15 = -2*s. Let y = q - s. What are the prime factors of y?
7
Let d(g) = 2 - g - 5*g**2 + 2*g**2 - g**2 + g**3. What are the prime factors of d(5)?
2, 11
Let d(s) be the first derivative of 11*s**3/3 + s**2 + s + 30. Let g = 2 - 3. List the prime factors of d(g).
2, 5
Let t(n) = -n. Let w be t(-1). Suppose b = 3*g + w, -6*b + b - 3*g + 77 = 0. List the prime factors of b.
13
Let c = 33 + 28. What are the prime factors of c?
61
Let g(k) = k**2 - 7*k + 4. Let p be g(7). Suppose -p*x = 1 - 9. List the prime factors of x.
2
Let f(b) = -b**3 - b + 3 - 7*b**2 + 0*b**3 + 2. What are the prime factors of f(-7)?
2, 3
Let o(z) = 5*z**2 - 7*z + 4*z - z**3 - z**2. Let s be o(3). Suppose s = -5*r - 5*p, -2*p - 3 = -p. List the prime factors of r.
3
Let m(b) = 6*b + 4. Let o be m(4). Let f = -6 + o. List the prime factors of f.
2, 11
Let f(m) = m**3 - 3*m**2 + m - 4. Let o = 9 - 6. Let h be f(o). Let t(y) = 5*y**2 + 2*y + 1. List the prime factors of t(h).
2
Suppose -s - 2*s = 0. Let m = 18 - s. List the prime factors of m.
2, 3
Let k(w) be the second derivative of -w**4/12 - w**3 - 2*w**2 - 3*w. Let x be k(-4). Suppose 4*h - 12 = -4*g, 2*g = -h + 2 + x. What are the prime factors of g?
3
Let o be (-2 - -4)*(-30)/(-12). Suppose 0 = o*v - v - 16. What are the prime factors of v?
2
Let t = -34 - -66. List the prime factors of t.
2
Let q = -17 + 26. What are the prime factors of q?
3
Suppose -3*c = -0*c + 4*q - 76, q = 5*c - 119. List the prime factors of c.
2, 3
Let h(d) = 7*d**2 + 12*d - 8. Let z(l) = 10*l**2 + 18*l - 12. Let t(p) = 7*h(p) - 5*z(p). List the prime factors of t(-6).
2
Suppose 4*z - 48 = -4*j, 2*j + z - 30 = -6. Suppose -6 - j = -2*v. List the prime factors of v.
3
Let c(d) = -d**3 - 6*d**2 - 3*d - 5. Let h(t) be the third derivative of t**5/60 - t**4/4 - t**3/6 - 2*t**2. Let w be h(5). List the prime factors of c(w).
13
Let c(v) = 0*v - v + 0*v + 16. What are the prime factors of c(0)?
2
Let n = -43 - -67. What are the prime factors of n?
2, 3
Let f be (-16)/(-20)*(-5)/(-2). Suppose -2*l = -f*z + 6, -5*z + 2*l + 11 = -10. Suppose 3*k + z = 14. What are the prime factors of k?
3
Let x(a) = 5 + 4*a - 5. What are the prime factors of x(1)?
2
Let m(f) = -f**3 + 9*f**2 + 7*f + 10. List the prime factors of m(8).
2, 5, 13
Let j(o) = 5*o**2 + 4*o. Let m be j(-3). Suppose 9 - m = i. Let v = -10 - i. List the prime factors of v.
2, 7
Let f be 3 + (-2)/1 - 11. Let d = f - -17. What are the prime factors of d?
7
Let x(j) = 5*j - 4. Let u be x(6). List the prime factors of 4/u - 206/(-13).
2
Let x(h) = 14*h. List the prime factors of x(4).
2, 7
What are the prime factors of (12 - (-1 - -1))/(3/15)?
2, 3, 5
Let j be ((-28)/(-10))/(1/(-5)). Let s be j/(-8) - (-2)/8. Suppose 0 = -s*d + 36 - 12. What are the prime factors of d?
2, 3
Let y be 2/((-4)/(-2)) - -1. Let v = -25 - -31. Suppose -4*t = -4*r - 52, y*t - 2*r + v*r - 8 = 0. List the prime factors of t.
2, 5
Suppose 4*f - 5*f - 4*j - 6 = 0, -2*f = -4*j - 12. Suppose -f*t + t + 15 = 0. Suppose -8*h = -3*h - t. List the prime factors of h.
3
Suppose 3*x - 39 = 4*d, 15 = d - 3*d - 3*x. Let a = d - -37. List the prime factors of a.
2, 7
Suppose -5*q = 20, -90 = -3*u + 2*q - 5*q. What are the prime factors of u?
2, 17
Suppose 4*n + 10 + 7 = -3*m, 5*m + 4*n = -15. Suppose -3 = -l + m. What are the prime factors of l/(9/4 - 2)?
2
Let f(h) = -h**2 - h + 8. What are the prime factors of f(0)?
2
Suppose -2*r - 5*n = -29, 3*n + n - 20 = 0. Let u be r/9 + 160/9. Suppose -y - u = -2*m, m - 2*y + 0*y = 12. List the prime factors of m.
2
Let r be (-2)/(-5) + 1812/(-30). Let h = r - -110. List the prime factors of h.
2, 5
Let m(r) = -5*r**3 + r**2 - 2. Let y(b) = 14*b**3 - 4*b**2 + 5. Let k = 22 + -33. Let n(d) = k*m(d) - 4*y(d). List the prime factors of n(5).
2
What are the prime factors of (-10)/12 + 1 - (-1797)/18?
2, 5
Let w(n) = 0*n + 2 + 3 - 8 + 9*n. What are the prime factors of w(4)?
3, 11
Let k(l) = 188*l**2 + l. What are the prime factors of k(-1)?
11, 17
Let y(q) = -2*q + 3*q - q**2 + 8*q + 11 + q. List the prime factors of y(10).
11
Suppose -5*r - 27 = -4*t - 79, 4*t = 3*r - 44. Let g be 8/(-3)*12/t. List the prime factors of 10/g - (-2)/(-4).
2
Suppose 3*t - 5*t = -j - 22, 3*t + j = 33. What are the prime factors of t?
11
Suppose -l + 9 = -1. Let z = 24 - l. What are the prime factors of z?
2, 7
Let u(y) = y**2 - 3*y - 6. What are the prime factors of u(6)?
2, 3
Suppose 12*c = 18*c - 180. What are the prime factors of c?
2, 3, 5
Let k be 2/5*(-1 - 4). What are the prime factors of k + (-13 - -1)/(-1)?
2, 5
Let f = 298 - 90. What are the prime factors of f?
2, 13
Let s be 5 - -1*(4 + -2). Suppose -s + 75 = 4*k. List the prime factors of k.
17
Let b(d) = -d - 1. Let u(q) = -q**2 + 6*q - 3. Let h(c) = 2*b(c) - u(c). List the prime factors of h(9).
2, 5
Suppose -4*t = -t - 5*b - 24, -3 = -2*t - b. Let j = -72 - -119. Suppose -5*i + 51 = 4*k, -j = -t*i - 4*k - 18. List the prime factors of i.
11
Suppose 3*w + 48 = 2*f - 0*f, -3*f = w - 94. What are the prime factors of f?
2, 3, 5
Suppose 0 = -5*f + 5*s, 2*f + 4*s = -s + 14. Let j(c) = 9*c. What are the prime factors of j(f)?
2, 3
Suppose -16 = 4*l, 3*l + 106 - 6 = n. What are the prime factors of (24/16)/(6/n)?
2, 11
Suppose -4 - 17 = -3*y. What are the prime factors of y?
7
Suppose 3*n = -18 - 60. Let x = n + 17. List the prime factors of 1/(-2 - -1) - x.
2
Let l = 12 + -7. Suppose l*t - 60 - 40 = 0. What are the prime factors of t?
2, 5
Suppose 108 = -5*i + 3*i. What are the prime factors of (i/10)/((-2)/10)?
3
Suppose 2*o = 11*h - 7*h - 662, 627 = 4*h + 5*o. What are the prime factors of h?
163
Let a(f) be the third derivative of f**5/15 + f**4/24 + 3*f**2. Let k(v) = v**3 + 11*v**2 + v + 10. Let y be k(-11). List the prime factors of a(y).
3
Let f(i) = 0*i**3 + 3*i**2 - 4*i**3 - 4 + 3*i**3 + 2*i + 2*i**2. List the prime factors of f(5).
2, 3
Let c be (32/24)/(2/6). Suppose -c*k + 37 + 23 = 0. List the prime factors of k.
3, 5
Suppose -4*z + 3*g = -23, 0*z - 5*g - 27 = -z. What are the prime factors of 16/3 - z/(-3)?
2, 3
Let r(d) be the first derivative of d**3/3 + 5*d**2/2 + 2*d - 2. List the prime factors of r(-5).
2
Let i(j) = -j**2 + 4*j + 2. Let y be i(4). Suppose 4*v = y*t + 76, t = 2*t. What are the prime factors of v?
19
Let j be (-7)/28 - 82/(-8). Suppose -2*w + j = -0*w. Let b(s) = s**2 - 3*s - 2. List the prime factors of b(w).
2
Let y = -135 - -204. List the prime factors of y.
3, 23
Let f(j) = j**2 - 6*j - 3. Let s be f(7). Suppose s*k = 3*k + 12. What are the prime factors of k?
2, 3
Suppose -2*d + 6 = -0*d. Suppose -d*c + 2*c = -2. Suppose 0 = -5*n - 2*b - 0*b + 58, 20 = c*n + 4*b. List the prime factors of n.
2, 3
Let d = -1 - -6. Suppose 2*a = d*a - 42. What are the prime factors of a?
2, 7
Let t = -1 + 10. Let u = t + 2. What are the prime factors of u?
11
Suppose 5*d - 74 = 11. What are the prime factors of d?
17
Let q(f) = -3*f + 4*f - 2*f - 5. Let o be q(-5). Suppose -3*l = -o*l - 18. What are the prime factors of l?
2, 3
Let p be (9/6)/(-3)*-4. List the prime factors of